when 5965062 is divided by 88.
70
Calculate the remainder when 2923536 is divided by 49551.
27
Calculate the remainder when 90350 is divided by 1704.
38
Calculate the remainder when 10563768 is divided by 132.
72
What is the remainder when 3248218 is divided by 145?
73
Calculate the remainder when 20810 is divided by 754.
452
Calculate the remainder when 1591216 is divided by 761.
726
Calculate the remainder when 18489459 is divided by 2519.
2518
Calculate the remainder when 2245756 is divided by 21.
16
What is the remainder when 39621156 is divided by 7924228?
16
What is the remainder when 24405 is divided by 62?
39
Calculate the remainder when 998288 is divided by 172.
0
Calculate the remainder when 747654 is divided by 93384.
582
What is the remainder when 2665528 is divided by 444245?
58
What is the remainder when 120855 is divided by 1311?
243
Calculate the remainder when 32264391 is divided by 34956.
3
Calculate the remainder when 99204703 is divided by 72.
7
What is the remainder when 35903 is divided by 7179?
8
What is the remainder when 26798669 is divided by 184?
173
What is the remainder when 43261 is divided by 48?
13
What is the remainder when 2820782 is divided by 27?
11
Calculate the remainder when 129502 is divided by 42992.
526
Calculate the remainder when 1767020 is divided by 6585.
2240
Calculate the remainder when 113422668 is divided by 31.
23
What is the remainder when 163914 is divided by 8627?
1
Calculate the remainder when 124093 is divided by 1548.
253
Calculate the remainder when 522903520 is divided by 158.
150
Calculate the remainder when 20800 is divided by 20729.
71
What is the remainder when 1768767 is divided by 4524?
4407
What is the remainder when 1673639 is divided by 1819?
159
What is the remainder when 4644346 is divided by 8?
2
Calculate the remainder when 547772 is divided by 1056.
764
What is the remainder when 3244 is divided by 304?
204
What is the remainder when 10742839 is divided by 63567?
16
What is the remainder when 16914663 is divided by 448?
423
What is the remainder when 59167 is divided by 1121?
875
Calculate the remainder when 1789585 is divided by 628.
413
What is the remainder when 212018 is divided by 211766?
252
What is the remainder when 39018645 is divided by 639?
27
What is the remainder when 2109758 is divided by 6454?
5754
Calculate the remainder when 1694407 is divided by 2575.
57
What is the remainder when 16393 is divided by 16328?
65
Calculate the remainder when 4401 is divided by 801.
396
What is the remainder when 1873520 is divided by 60436?
4
Calculate the remainder when 41735993 is divided by 526.
523
What is the remainder when 85051 is divided by 1272?
1099
What is the remainder when 1619626 is divided by 2548?
1646
Calculate the remainder when 1862829 is divided by 5415.
69
What is the remainder when 181814 is divided by 8263?
28
What is the remainder when 66641847 is divided by 1650?
1647
What is the remainder when 38475807 is divided by 54?
51
Calculate the remainder when 203018958 is divided by 1384.
1382
Calculate the remainder when 2246463 is divided by 15282.
9
Calculate the remainder when 14752193 is divided by 379.
376
What is the remainder when 1680845 is divided by 1680809?
36
Calculate the remainder when 449320 is divided by 9468.
4324
What is the remainder when 96389 is divided by 1691?
2
What is the remainder when 60479 is divided by 881?
571
Calculate the remainder when 237880 is divided by 18205.
1215
Calculate the remainder when 846238 is divided by 36.
22
What is the remainder when 9644547 is divided by 4822271?
5
What is the remainder when 9509107 is divided by 965?
962
Calculate the remainder when 3722470 is divided by 218968.
14
Calculate the remainder when 660294 is divided by 131699.
1799
Calculate the remainder when 940450 is divided by 168.
154
Calculate the remainder when 290579514 is divided by 6757663.
5
What is the remainder when 4801282 is divided by 933?
64
Calculate the remainder when 894162 is divided by 225.
12
What is the remainder when 1216377 is divided by 405455?
12
What is the remainder when 129578 is divided by 42689?
1511
Calculate the remainder when 4907719 is divided by 446156.
3
What is the remainder when 1708035 is divided by 213443?
491
Calculate the remainder when 56308 is divided by 52938.
3370
What is the remainder when 147259403 is divided by 1780?
3
Calculate the remainder when 143099276 is divided by 9320.
9316
Calculate the remainder when 2368305 is divided by 646.
69
What is the remainder when 199191 is divided by 2366?
447
Calculate the remainder when 31193468 is divided by 48.
44
Calculate the remainder when 370308 is divided by 10245.
1488
What is the remainder when 18417212 is divided by 1227?
1169
Calculate the remainder when 3809707 is divided by 24900.
7
Calculate the remainder when 385163 is divided by 12465.
11213
What is the remainder when 291047 is divided by 100?
47
Calculate the remainder when 361551 is divided by 72309.
6
Calculate the remainder when 379068 is divided by 126349.
21
Calculate the remainder when 23997499 is divided by 122.
99
What is the remainder when 207757 is divided by 4000?
3757
Calculate the remainder when 10274226 is divided by 1712370.
6
What is the remainder when 772289 is divided by 3218?
3187
What is the remainder when 209182 is divided by 102158?
4866
What is the remainder when 73049 is divided by 360?
329
What is the remainder when 70455670 is divided by 504?
502
What is the remainder when 19889 is divided by 4291?
2725
Calculate the remainder when 53279779 is divided by 482.
463
What is the remainder when 302931 is divided by 20129?
996
Calculate the remainder when 3682240 is divided by 887.
303
Calculate the remainder when 94149 is divided by 11031.
5901
What is the remainder when 52691 is divided by 625?
191
What is the remainder when 37265 is divided by 1930?
595
Calculate the remainder when 804499 is divided by 128.
19
Calculate the remainder when 53945 is divided by 6713.
241
Calculate the remainder when 1140884 is divided by 127.
43
Calculate the remainder when 1836701 is divided by 441.
377
Calculate the remainder when 8588518 is divided by 3947.
3793
Calculate the remainder when 4248297 is divided by 6536.
6433
What is the remainder when 917186717 is divided by 14?
13
What is the remainder when 6950704 is divided by 854?
852
Calculate the remainder when 281707 is divided by 59.
41
Calculate the remainder when 45852 is divided by 12690.
7782
Calculate the remainder when 5981747 is divided by 46.
45
What is the remainder when 52031287 is divided by 52031240?
47
What is the remainder when 640307 is divided by 71082?
569
What is the remainder when 822378 is divided by 14425?
153
What is the remainder when 4470623 is divided by 2499?
2411
What is the remainder when 632112 is divided by 14046?
42
Calculate the remainder when 47344637 is divided by 2642.
2639
Calculate the remainder when 5651920 is divided by 871.
1
Calculate the remainder when 4354767 is divided by 6230.
6227
Calculate the remainder when 2266922 is divided by 49.
35
What is the remainder when 290772299 is divided by 91?
90
What is the remainder when 323136787 is divided by 107712257?
16
What is the remainder when 2621686 is divided by 6845?
51
Calculate the remainder when 40293366 is divided by 60.
6
What is the remainder when 129355 is divided by 63?
16
Calculate the remainder when 9085617 is divided by 58.
33
What is the remainder when 7940887 is divided by 2973?
4
Calculate the remainder when 2150316977 is divided by 7.
4
Calculate the remainder when 16471772 is divided by 544.
540
What is the remainder when 130546 is divided by 47?
27
What is the remainder when 2851346 is divided by 237611?
14
What is the remainder when 1953029 is divided by 325504?
5
What is the remainder when 43422634 is divided by 2?
0
What is the remainder when 1274464 is divided by 1273536?
928
What is the remainder when 938260 is divided by 14486?
11156
What is the remainder when 214893 is divided by 8?
5
What is the remainder when 442559 is divided by 88501?
54
Calculate the remainder when 21173099 is divided by 5293270.
19
Calculate the remainder when 10813 is divided by 3317.
862
What is the remainder when 1032820 is divide